{"id":2862,"date":"2017-03-08T13:55:05","date_gmt":"2017-03-08T13:55:05","guid":{"rendered":"https:\/\/smartdata.tonytemplates.com\/car-repair-service-v4-services\/?page_id=13"},"modified":"2023-07-28T13:25:03","modified_gmt":"2023-07-28T11:25:03","slug":"services","status":"publish","type":"page","link":"https:\/\/injectoare-turbo.ro\/?page_id=2862","title":{"rendered":"Servicii oferite"},"content":{"rendered":"\t\t<div data-elementor-type=\"wp-page\" data-elementor-id=\"2862\" class=\"elementor elementor-2862\" data-elementor-post-type=\"page\">\n\t\t\t\t\t\t\t\t\t<section class=\"elementor-section elementor-top-section elementor-element elementor-element-b951ccc elementor-section-stretched elementor-section-full_width elementor-section-height-default elementor-section-height-default\" data-id=\"b951ccc\" data-element_type=\"section\" data-settings=\"{&quot;stretch_section&quot;:&quot;section-stretched&quot;}\">\n\t\t\t\t\t\t<div class=\"elementor-container elementor-column-gap-no\">\n\t\t\t\t\t<div class=\"elementor-column elementor-col-100 elementor-top-column elementor-element elementor-element-984661c\" data-id=\"984661c\" data-element_type=\"column\">\n\t\t\t<div class=\"elementor-widget-wrap elementor-element-populated\">\n\t\t\t\t\t\t\t\t<div class=\"elementor-element elementor-element-92350bf elementor-widget elementor-widget-crs_services\" data-id=\"92350bf\" data-element_type=\"widget\" data-widget_type=\"crs_services.default\">\n\t\t\t\t<div class=\"elementor-widget-container\">\n\t\t\t\t\t<div class=\"block\">\n\t\t\t<div class=\"container no-indent\">\n\t\t\t\t<div class=\"tab-services hide-mobile\">\n\t\t\t\t\t<div class=\"tab-content\">\n\t\t\t\t\t\t<div class=\"row services-alt tab-pane fade in active\" id=\"services1\">\n\t\t\t\t\t\t\t\t\t\t\t\t\t\t\t\t<div class=\"col-xs-6 col-sm-6 col-md-4\">\n\t\t\t\t\t\t\t\t\t\t<div class=\"services-block-alt\">\n\t\t\t\t\t\t\t\t\t\t\t<div class=\"image\">\n\t\t\t\t\t\t\t\t\t\t\t\t<a href=\"https:\/\/injectoare-turbo.ro\/?car_services=automatic-updatesand-unlock-2\" class=\"image-scale-color\">\n\t\t\t\t\t\t\t\t\t\t\t\t<img width=\"357\" height=\"242\" src=\"https:\/\/injectoare-turbo.ro\/wp-content\/uploads\/2020\/03\/auto-anatomy-Fuel-Injectors-Cover-20220610-1.jpg\" class=\"attachment-car-repair-services-thumbnail size-car-repair-services-thumbnail wp-post-image\" alt=\"\" decoding=\"async\" loading=\"lazy\" \/>\t\t\t\t\t\t\t\t\t\t\t\t<\/a>\n\t\t\t\t\t\t\t\t\t\t\t\t\t\t\t\t\t\t\t\t\t\t\t\t<i class=\"icon\"><img width=\"150\" height=\"150\" src=\"https:\/\/injectoare-turbo.ro\/wp-content\/uploads\/2020\/03\/7230161.png\" class=\"attachment-thumbnail size-thumbnail\" alt=\"\" decoding=\"async\" loading=\"lazy\" \/><\/i>\n\t\t\t\t\t\t\t\t\t\t\t\t\t\t\t\t\t\t\t\t\t\t\t<\/div>\n\t\t\t\t\t\t\t\t\t\t\t<div class=\"caption\">\n\t\t\t\t\t\t\t\t\t\t\t\t<h3 class=\"title\"><a href=\"https:\/\/injectoare-turbo.ro\/?car_services=automatic-updatesand-unlock-2\">Recondi\u021bionare injectoare<\/a><\/h3>\n\t\t\t\t\t\t\t\t\t\t\t\t<div class=\"text\">\n\t\t\t\t\t\t\t\t\t\t\t\t\t\t\t\t\t\t\t\t\t\t\t\t<\/div>\n\t\t\t\t\t\t\t\t\t\t\t<\/div>\n\t\t\t\t\t\t\t\t\t\t<\/div>\n\t\t\t\t\t\t\t\t\t<\/div>\n\t\t\t\t\t\t\t\t\t\t\t\t\t\t\t\t\t\t<div class=\"col-xs-6 col-sm-6 col-md-4\">\n\t\t\t\t\t\t\t\t\t\t<div class=\"services-block-alt\">\n\t\t\t\t\t\t\t\t\t\t\t<div class=\"image\">\n\t\t\t\t\t\t\t\t\t\t\t\t<a href=\"https:\/\/injectoare-turbo.ro\/?car_services=would-you-like-to-2\" class=\"image-scale-color\">\n\t\t\t\t\t\t\t\t\t\t\t\t<img width=\"357\" height=\"242\" src=\"https:\/\/injectoare-turbo.ro\/wp-content\/uploads\/2020\/03\/1.jpg\" class=\"attachment-car-repair-services-thumbnail size-car-repair-services-thumbnail wp-post-image\" alt=\"\" decoding=\"async\" loading=\"lazy\" \/>\t\t\t\t\t\t\t\t\t\t\t\t<\/a>\n\t\t\t\t\t\t\t\t\t\t\t\t\t\t\t\t\t\t\t\t\t\t\t\t<i class=\"icon\"><img width=\"150\" height=\"135\" src=\"https:\/\/injectoare-turbo.ro\/wp-content\/uploads\/2020\/03\/pompa-injectie.png\" class=\"attachment-thumbnail size-thumbnail\" alt=\"\" decoding=\"async\" loading=\"lazy\" \/><\/i>\n\t\t\t\t\t\t\t\t\t\t\t\t\t\t\t\t\t\t\t\t\t\t\t<\/div>\n\t\t\t\t\t\t\t\t\t\t\t<div class=\"caption\">\n\t\t\t\t\t\t\t\t\t\t\t\t<h3 class=\"title\"><a href=\"https:\/\/injectoare-turbo.ro\/?car_services=would-you-like-to-2\">Recondi\u021bionare Pompe Injec\u021bie<\/a><\/h3>\n\t\t\t\t\t\t\t\t\t\t\t\t<div class=\"text\">\n\t\t\t\t\t\t\t\t\t\t\t\t\t\t\t\t\t\t\t\t\t\t\t\t<\/div>\n\t\t\t\t\t\t\t\t\t\t\t<\/div>\n\t\t\t\t\t\t\t\t\t\t<\/div>\n\t\t\t\t\t\t\t\t\t<\/div>\n\t\t\t\t\t\t\t\t\t\t\t\t\t\t\t\t\t\t<div class=\"col-xs-6 col-sm-6 col-md-4\">\n\t\t\t\t\t\t\t\t\t\t<div class=\"services-block-alt\">\n\t\t\t\t\t\t\t\t\t\t\t<div class=\"image\">\n\t\t\t\t\t\t\t\t\t\t\t\t<a href=\"https:\/\/injectoare-turbo.ro\/?car_services=exhaustsystem-2-2\" class=\"image-scale-color\">\n\t\t\t\t\t\t\t\t\t\t\t\t<img width=\"357\" height=\"242\" src=\"https:\/\/injectoare-turbo.ro\/wp-content\/uploads\/2020\/03\/Hellion_HT-6466R_T4_163211_selection_web.jpg\" class=\"attachment-car-repair-services-thumbnail size-car-repair-services-thumbnail wp-post-image\" alt=\"\" decoding=\"async\" loading=\"lazy\" \/>\t\t\t\t\t\t\t\t\t\t\t\t<\/a>\n\t\t\t\t\t\t\t\t\t\t\t\t\t\t\t\t\t\t\t\t\t\t\t\t<i class=\"icon\"><img width=\"150\" height=\"140\" src=\"https:\/\/injectoare-turbo.ro\/wp-content\/uploads\/2020\/03\/turbo.png\" class=\"attachment-thumbnail size-thumbnail\" alt=\"\" decoding=\"async\" loading=\"lazy\" \/><\/i>\n\t\t\t\t\t\t\t\t\t\t\t\t\t\t\t\t\t\t\t\t\t\t\t<\/div>\n\t\t\t\t\t\t\t\t\t\t\t<div class=\"caption\">\n\t\t\t\t\t\t\t\t\t\t\t\t<h3 class=\"title\"><a href=\"https:\/\/injectoare-turbo.ro\/?car_services=exhaustsystem-2-2\">Repara\u021bii Turbine Auto<\/a><\/h3>\n\t\t\t\t\t\t\t\t\t\t\t\t<div class=\"text\">\n\t\t\t\t\t\t\t\t\t\t\t\t\t\t\t\t\t\t\t\t\t\t\t\t<\/div>\n\t\t\t\t\t\t\t\t\t\t\t<\/div>\n\t\t\t\t\t\t\t\t\t\t<\/div>\n\t\t\t\t\t\t\t\t\t<\/div>\n\t\t\t\t\t\t\t\t\t\t\t\t\t\t\t\t\t\t<div class=\"col-xs-6 col-sm-6 col-md-4\">\n\t\t\t\t\t\t\t\t\t\t<div class=\"services-block-alt\">\n\t\t\t\t\t\t\t\t\t\t\t<div class=\"image\">\n\t\t\t\t\t\t\t\t\t\t\t\t<a href=\"https:\/\/injectoare-turbo.ro\/?car_services=tires-wheels-2\" class=\"image-scale-color\">\n\t\t\t\t\t\t\t\t\t\t\t\t<img width=\"357\" height=\"242\" src=\"https:\/\/injectoare-turbo.ro\/wp-content\/uploads\/2017\/03\/services-img-05-1.jpg\" class=\"attachment-car-repair-services-thumbnail size-car-repair-services-thumbnail wp-post-image\" alt=\"\" decoding=\"async\" loading=\"lazy\" \/>\t\t\t\t\t\t\t\t\t\t\t\t<\/a>\n\t\t\t\t\t\t\t\t\t\t\t\t\t\t\t\t\t\t\t\t\t\t\t\t<i class=\"icon icon-diag\"><\/i>\n\t\t\t\t\t\t\t\t\t\t\t\t\t\t\t\t\t\t\t\t\t\t\t<\/div>\n\t\t\t\t\t\t\t\t\t\t\t<div class=\"caption\">\n\t\t\t\t\t\t\t\t\t\t\t\t<h3 class=\"title\"><a href=\"https:\/\/injectoare-turbo.ro\/?car_services=tires-wheels-2\">Diagnoz\u0103 computerizat\u0103<\/a><\/h3>\n\t\t\t\t\t\t\t\t\t\t\t\t<div class=\"text\">\n\t\t\t\t\t\t\t\t\t\t\t\t\t\t\t\t\t\t\t\t\t\t\t\t<\/div>\n\t\t\t\t\t\t\t\t\t\t\t<\/div>\n\t\t\t\t\t\t\t\t\t\t<\/div>\n\t\t\t\t\t\t\t\t\t<\/div>\n\t\t\t\t\t\t\t\t\t\t\t\t\t\t\t<\/div>\n\t\t\t\t\t<\/div>\n\t\t\t\t\t\t\t\t\t<\/div>\n\t\t\t\t<div class=\"tab-services show-mobile\">\n\t\t\t\t  \n\t\t\t\t\t\t<div class=\"row services-alt\">\n\t\t\t\t\t\t\t\t\t\t\t\t\t\t\t\t<div class=\"col-xs-6 col-sm-6 col-md-4\">\n\t\t\t\t\t\t\t\t\t\t<div class=\"services-block-alt\">\n\t\t\t\t\t\t\t\t\t\t\t<div class=\"image\">\n\t\t\t\t\t\t\t\t\t\t\t\t<a href=\"https:\/\/injectoare-turbo.ro\/?car_services=automatic-updatesand-unlock-2\" class=\"image-scale-color\">\n\t\t\t\t\t\t\t\t\t\t\t\t<img width=\"357\" height=\"242\" src=\"https:\/\/injectoare-turbo.ro\/wp-content\/uploads\/2020\/03\/auto-anatomy-Fuel-Injectors-Cover-20220610-1.jpg\" class=\"attachment-car-repair-services-thumbnail size-car-repair-services-thumbnail wp-post-image\" alt=\"\" decoding=\"async\" loading=\"lazy\" \/>\t\t\t\t\t\t\t\t\t\t\t\t<\/a>\n\t\t\t\t\t\t\t\t\t\t\t\t\t\t\t\t\t\t\t\t\t\t\t\t<i class=\"icon\"><img width=\"150\" height=\"150\" src=\"https:\/\/injectoare-turbo.ro\/wp-content\/uploads\/2020\/03\/7230161.png\" class=\"attachment-thumbnail size-thumbnail\" alt=\"\" decoding=\"async\" loading=\"lazy\" \/><\/i>\n\t\t\t\t\t\t\t\t\t\t\t\t\t\t\t\t\t\t\t\t\t\t\t<\/div>\n\t\t\t\t\t\t\t\t\t\t\t<div class=\"caption\">\n\t\t\t\t\t\t\t\t\t\t\t\t<h3 class=\"title\"><a href=\"https:\/\/injectoare-turbo.ro\/?car_services=automatic-updatesand-unlock-2\">Recondi\u021bionare injectoare<\/a><\/h3>\n\t\t\t\t\t\t\t\t\t\t\t\t<div class=\"text\">\n\t\t\t\t\t\t\t\t\t\t\t\t\t\t\t\t\t\t\t\t\t\t\t\t<\/div>\n\t\t\t\t\t\t\t\t\t\t\t<\/div>\n\t\t\t\t\t\t\t\t\t\t<\/div>\n\t\t\t\t\t\t\t\t\t<\/div>\n\t\t\t\t\t\t\t\t\t\t\t\t\t\t\t\t\t\t<div class=\"col-xs-6 col-sm-6 col-md-4\">\n\t\t\t\t\t\t\t\t\t\t<div class=\"services-block-alt\">\n\t\t\t\t\t\t\t\t\t\t\t<div class=\"image\">\n\t\t\t\t\t\t\t\t\t\t\t\t<a href=\"https:\/\/injectoare-turbo.ro\/?car_services=would-you-like-to-2\" class=\"image-scale-color\">\n\t\t\t\t\t\t\t\t\t\t\t\t<img width=\"357\" height=\"242\" src=\"https:\/\/injectoare-turbo.ro\/wp-content\/uploads\/2020\/03\/1.jpg\" class=\"attachment-car-repair-services-thumbnail size-car-repair-services-thumbnail wp-post-image\" alt=\"\" decoding=\"async\" loading=\"lazy\" \/>\t\t\t\t\t\t\t\t\t\t\t\t<\/a>\n\t\t\t\t\t\t\t\t\t\t\t\t\t\t\t\t\t\t\t\t\t\t\t\t<i class=\"icon\"><img width=\"150\" height=\"135\" src=\"https:\/\/injectoare-turbo.ro\/wp-content\/uploads\/2020\/03\/pompa-injectie.png\" class=\"attachment-thumbnail size-thumbnail\" alt=\"\" decoding=\"async\" loading=\"lazy\" \/><\/i>\n\t\t\t\t\t\t\t\t\t\t\t\t\t\t\t\t\t\t\t\t\t\t\t<\/div>\n\t\t\t\t\t\t\t\t\t\t\t<div class=\"caption\">\n\t\t\t\t\t\t\t\t\t\t\t\t<h3 class=\"title\"><a href=\"https:\/\/injectoare-turbo.ro\/?car_services=would-you-like-to-2\">Recondi\u021bionare Pompe Injec\u021bie<\/a><\/h3>\n\t\t\t\t\t\t\t\t\t\t\t\t<div class=\"text\">\n\t\t\t\t\t\t\t\t\t\t\t\t\t\t\t\t\t\t\t\t\t\t\t\t<\/div>\n\t\t\t\t\t\t\t\t\t\t\t<\/div>\n\t\t\t\t\t\t\t\t\t\t<\/div>\n\t\t\t\t\t\t\t\t\t<\/div>\n\t\t\t\t\t\t\t\t\t\t\t\t\t\t\t\t\t\t<div class=\"col-xs-6 col-sm-6 col-md-4\">\n\t\t\t\t\t\t\t\t\t\t<div class=\"services-block-alt\">\n\t\t\t\t\t\t\t\t\t\t\t<div class=\"image\">\n\t\t\t\t\t\t\t\t\t\t\t\t<a href=\"https:\/\/injectoare-turbo.ro\/?car_services=exhaustsystem-2-2\" class=\"image-scale-color\">\n\t\t\t\t\t\t\t\t\t\t\t\t<img width=\"357\" height=\"242\" src=\"https:\/\/injectoare-turbo.ro\/wp-content\/uploads\/2020\/03\/Hellion_HT-6466R_T4_163211_selection_web.jpg\" class=\"attachment-car-repair-services-thumbnail size-car-repair-services-thumbnail wp-post-image\" alt=\"\" decoding=\"async\" loading=\"lazy\" \/>\t\t\t\t\t\t\t\t\t\t\t\t<\/a>\n\t\t\t\t\t\t\t\t\t\t\t\t\t\t\t\t\t\t\t\t\t\t\t\t<i class=\"icon\"><img width=\"150\" height=\"140\" src=\"https:\/\/injectoare-turbo.ro\/wp-content\/uploads\/2020\/03\/turbo.png\" class=\"attachment-thumbnail size-thumbnail\" alt=\"\" decoding=\"async\" loading=\"lazy\" \/><\/i>\n\t\t\t\t\t\t\t\t\t\t\t\t\t\t\t\t\t\t\t\t\t\t\t<\/div>\n\t\t\t\t\t\t\t\t\t\t\t<div class=\"caption\">\n\t\t\t\t\t\t\t\t\t\t\t\t<h3 class=\"title\"><a href=\"https:\/\/injectoare-turbo.ro\/?car_services=exhaustsystem-2-2\">Repara\u021bii Turbine Auto<\/a><\/h3>\n\t\t\t\t\t\t\t\t\t\t\t\t<div class=\"text\">\n\t\t\t\t\t\t\t\t\t\t\t\t\t\t\t\t\t\t\t\t\t\t\t\t<\/div>\n\t\t\t\t\t\t\t\t\t\t\t<\/div>\n\t\t\t\t\t\t\t\t\t\t<\/div>\n\t\t\t\t\t\t\t\t\t<\/div>\n\t\t\t\t\t\t\t\t\t\t\t\t\t\t\t\t\t\t<div class=\"col-xs-6 col-sm-6 col-md-4\">\n\t\t\t\t\t\t\t\t\t\t<div class=\"services-block-alt\">\n\t\t\t\t\t\t\t\t\t\t\t<div class=\"image\">\n\t\t\t\t\t\t\t\t\t\t\t\t<a href=\"https:\/\/injectoare-turbo.ro\/?car_services=tires-wheels-2\" class=\"image-scale-color\">\n\t\t\t\t\t\t\t\t\t\t\t\t<img width=\"357\" height=\"242\" src=\"https:\/\/injectoare-turbo.ro\/wp-content\/uploads\/2017\/03\/services-img-05-1.jpg\" class=\"attachment-car-repair-services-thumbnail size-car-repair-services-thumbnail wp-post-image\" alt=\"\" decoding=\"async\" loading=\"lazy\" \/>\t\t\t\t\t\t\t\t\t\t\t\t<\/a>\n\t\t\t\t\t\t\t\t\t\t\t\t\t\t\t\t\t\t\t\t\t\t\t\t<i class=\"icon icon-diag\"><\/i>\n\t\t\t\t\t\t\t\t\t\t\t\t\t\t\t\t\t\t\t\t\t\t\t<\/div>\n\t\t\t\t\t\t\t\t\t\t\t<div class=\"caption\">\n\t\t\t\t\t\t\t\t\t\t\t\t<h3 class=\"title\"><a href=\"https:\/\/injectoare-turbo.ro\/?car_services=tires-wheels-2\">Diagnoz\u0103 computerizat\u0103<\/a><\/h3>\n\t\t\t\t\t\t\t\t\t\t\t\t<div class=\"text\">\n\t\t\t\t\t\t\t\t\t\t\t\t\t\t\t\t\t\t\t\t\t\t\t\t<\/div>\n\t\t\t\t\t\t\t\t\t\t\t<\/div>\n\t\t\t\t\t\t\t\t\t\t<\/div>\n\t\t\t\t\t\t\t\t\t<\/div>\n\t\t\t\t\t\t\t\t\t\t\t\t\t\t\t<\/div>\n\t\t\t\t\t<\/div>\n\t\t\t\n\t\t\t<\/div>\n\t\t<\/div>\n\t\t\t\t<\/div>\n\t\t\t\t<\/div>\n\t\t\t\t\t<\/div>\n\t\t<\/div>\n\t\t\t\t\t\t\t<\/div>\n\t\t<\/section>\n\t\t\t\t<section class=\"elementor-section elementor-top-section elementor-element elementor-element-835202a elementor-section-stretched elementor-section-full_width elementor-section-height-default elementor-section-height-default\" data-id=\"835202a\" data-element_type=\"section\" data-settings=\"{&quot;stretch_section&quot;:&quot;section-stretched&quot;,&quot;background_background&quot;:&quot;classic&quot;}\">\n\t\t\t\t\t\t<div class=\"elementor-container elementor-column-gap-default\">\n\t\t\t\t\t<div class=\"elementor-column elementor-col-100 elementor-top-column elementor-element elementor-element-15c23c4\" data-id=\"15c23c4\" data-element_type=\"column\">\n\t\t\t<div class=\"elementor-widget-wrap elementor-element-populated\">\n\t\t\t\t\t\t\t\t<div class=\"elementor-element elementor-element-19b8131 elementor-widget elementor-widget-appointment_schedule\" data-id=\"19b8131\" data-element_type=\"widget\" data-widget_type=\"appointment_schedule.default\">\n\t\t\t\t<div class=\"elementor-widget-container\">\n\t\t\t\t\t\t<div class=\"block bg-custom-01 style-theme-01 \">\n  <div class=\"section__text-background text-color02 text-center text-background__center\">\n\t\t\t<\/div>\n  <div class=\"text-center\">\n\t<h2 class=\"h-lg\">Tubin\u0103 defect\u0103? <span class=\"color\">Noi o repar\u0103m<\/span><\/h2>\n\t<p class=\"info\"><\/p>\n\t<h2 class=\"h-phone\"><a class=\"cmsmasters-icon-custom-new-phone\" href=\"tel:0741055915\">0741 055 915<\/a> <\/h2>\n\t<div class=\"btn-inline\">\n\t\t\t\t  <a class=\"btn btn-border btn-wide\"\n\t\thref=\"https:\/\/injectoare-turbo.ro\/?page_id=48\"><span>Ai nevoie de ajutor?<\/span><\/a>\n\t  \t<\/div>\n  <\/div>\n<\/div>\n\n\t\t\t\t\t<\/div>\n\t\t\t\t<\/div>\n\t\t\t\t\t<\/div>\n\t\t<\/div>\n\t\t\t\t\t\t\t<\/div>\n\t\t<\/section>\n\t\t\t\t\t\t\t<\/div>\n\t\t","protected":false},"excerpt":{"rendered":"<p>Recondi\u021bionare injectoare Recondi\u021bionare Pompe Injec\u021bie Repara\u021bii Turbine Auto Diagnoz\u0103 computerizat\u0103 Recondi\u021bionare injectoare Recondi\u021bionare Pompe Injec\u021bie Repara\u021bii Turbine Auto Diagnoz\u0103 computerizat\u0103 Tubin\u0103 defect\u0103? Noi o repar\u0103m 0741 055 915 Ai nevoie de ajutor?<\/p>\n","protected":false},"author":1,"featured_media":0,"parent":0,"menu_order":0,"comment_status":"closed","ping_status":"closed","template":"","meta":[],"_links":{"self":[{"href":"https:\/\/injectoare-turbo.ro\/index.php?rest_route=\/wp\/v2\/pages\/2862"}],"collection":[{"href":"https:\/\/injectoare-turbo.ro\/index.php?rest_route=\/wp\/v2\/pages"}],"about":[{"href":"https:\/\/injectoare-turbo.ro\/index.php?rest_route=\/wp\/v2\/types\/page"}],"author":[{"embeddable":true,"href":"https:\/\/injectoare-turbo.ro\/index.php?rest_route=\/wp\/v2\/users\/1"}],"replies":[{"embeddable":true,"href":"https:\/\/injectoare-turbo.ro\/index.php?rest_route=%2Fwp%2Fv2%2Fcomments&post=2862"}],"version-history":[{"count":8,"href":"https:\/\/injectoare-turbo.ro\/index.php?rest_route=\/wp\/v2\/pages\/2862\/revisions"}],"predecessor-version":[{"id":3328,"href":"https:\/\/injectoare-turbo.ro\/index.php?rest_route=\/wp\/v2\/pages\/2862\/revisions\/3328"}],"wp:attachment":[{"href":"https:\/\/injectoare-turbo.ro\/index.php?rest_route=%2Fwp%2Fv2%2Fmedia&parent=2862"}],"curies":[{"name":"wp","href":"https:\/\/api.w.org\/{rel}","templated":true}]}}